{"id":381,"date":"2023-04-10T10:31:11","date_gmt":"2023-04-10T03:31:11","guid":{"rendered":"https:\/\/shopbanquyen.net\/?post_type=product&#038;p=381"},"modified":"2024-06-24T23:47:38","modified_gmt":"2024-06-24T16:47:38","slug":"key-kaspersky-anti-virus-3-may-gia-si","status":"publish","type":"product","link":"https:\/\/shopbanquyen.net\/lic\/sp\/key-kaspersky-anti-virus-3-may-gia-si\/","title":{"rendered":"Key Kaspersky Anti Virus 3 m\u00e1y gi\u00e1 s\u1ec9"},"content":{"rendered":"\n\n<div class=\"kk-star-ratings kksr-auto kksr-align-left kksr-valign-top\"\n    data-payload='{&quot;align&quot;:&quot;left&quot;,&quot;id&quot;:&quot;381&quot;,&quot;slug&quot;:&quot;default&quot;,&quot;valign&quot;:&quot;top&quot;,&quot;ignore&quot;:&quot;&quot;,&quot;reference&quot;:&quot;auto&quot;,&quot;class&quot;:&quot;&quot;,&quot;count&quot;:&quot;0&quot;,&quot;legendonly&quot;:&quot;&quot;,&quot;readonly&quot;:&quot;&quot;,&quot;score&quot;:&quot;0&quot;,&quot;starsonly&quot;:&quot;&quot;,&quot;best&quot;:&quot;5&quot;,&quot;gap&quot;:&quot;5&quot;,&quot;greet&quot;:&quot;\u0110\u00e1nh gi\u00e1 nhanh b\u00e0i vi\u1ebft&quot;,&quot;legend&quot;:&quot;0\\\/5 - (0 b\u00ecnh ch\u1ecdn)&quot;,&quot;size&quot;:&quot;24&quot;,&quot;title&quot;:&quot;Key Kaspersky Anti Virus 3 m\u00e1y gi\u00e1 s\u1ec9&quot;,&quot;width&quot;:&quot;0&quot;,&quot;_legend&quot;:&quot;{score}\\\/{best} - ({count} {votes})&quot;,&quot;font_factor&quot;:&quot;1.25&quot;}'>\n            \n<div class=\"kksr-stars\">\n    \n<div class=\"kksr-stars-inactive\">\n            <div class=\"kksr-star\" data-star=\"1\" style=\"padding-right: 5px\">\n            \n\n<div class=\"kksr-icon\" style=\"width: 24px; height: 24px;\"><\/div>\n        <\/div>\n            <div class=\"kksr-star\" data-star=\"2\" style=\"padding-right: 5px\">\n            \n\n<div class=\"kksr-icon\" style=\"width: 24px; height: 24px;\"><\/div>\n        <\/div>\n            <div class=\"kksr-star\" data-star=\"3\" style=\"padding-right: 5px\">\n            \n\n<div class=\"kksr-icon\" style=\"width: 24px; height: 24px;\"><\/div>\n        <\/div>\n            <div class=\"kksr-star\" data-star=\"4\" style=\"padding-right: 5px\">\n            \n\n<div class=\"kksr-icon\" style=\"width: 24px; height: 24px;\"><\/div>\n        <\/div>\n            <div class=\"kksr-star\" data-star=\"5\" style=\"padding-right: 5px\">\n            \n\n<div class=\"kksr-icon\" style=\"width: 24px; height: 24px;\"><\/div>\n        <\/div>\n    <\/div>\n    \n<div class=\"kksr-stars-active\" style=\"width: 0px;\">\n            <div class=\"kksr-star\" style=\"padding-right: 5px\">\n            \n\n<div class=\"kksr-icon\" style=\"width: 24px; height: 24px;\"><\/div>\n        <\/div>\n            <div class=\"kksr-star\" style=\"padding-right: 5px\">\n            \n\n<div class=\"kksr-icon\" style=\"width: 24px; height: 24px;\"><\/div>\n        <\/div>\n            <div class=\"kksr-star\" style=\"padding-right: 5px\">\n            \n\n<div class=\"kksr-icon\" style=\"width: 24px; height: 24px;\"><\/div>\n        <\/div>\n            <div class=\"kksr-star\" style=\"padding-right: 5px\">\n            \n\n<div class=\"kksr-icon\" style=\"width: 24px; height: 24px;\"><\/div>\n        <\/div>\n            <div class=\"kksr-star\" style=\"padding-right: 5px\">\n            \n\n<div class=\"kksr-icon\" style=\"width: 24px; height: 24px;\"><\/div>\n        <\/div>\n    <\/div>\n<\/div>\n                \n\n<div class=\"kksr-legend\" style=\"font-size: 19.2px;\">\n            <span class=\"kksr-muted\">\u0110\u00e1nh gi\u00e1 nhanh b\u00e0i vi\u1ebft<\/span>\n    <\/div>\n    <\/div>\n<h2><strong>Key Kaspersky Anti Virus b\u1ea3n quy\u1ec1n l\u00e0 g\u00ec?<\/strong><\/h2>\n<p><span style=\"font-size: 110%;\"><span style=\"color: #0000ff;\"><strong>Kaspersky Anti Virus<\/strong><\/span> \u2013\u00a0l\u00e0 m\u1ed9t ph\u1ea7n m\u1ec1m ch\u1ed1ng virus \u0111\u01b0\u1ee3c ph\u00e1t tri\u1ec3n b\u1edfi c\u00f4ng ty Kaspersky Lab. N\u00f3 \u0111\u01b0\u1ee3c thi\u1ebft k\u1ebf \u0111\u1ec3 ph\u00e1t hi\u1ec7n v\u00e0 lo\u1ea1i b\u1ecf c\u00e1c ph\u1ea7n m\u1ec1m \u0111\u1ed9c h\u1ea1i, virus, trojan v\u00e0 c\u00e1c m\u1ed1i \u0111e d\u1ecda kh\u00e1c kh\u1ecfi m\u00e1y t\u00ednh c\u1ee7a b\u1ea1n. Kaspersky Anti-Virus c\u00f3 th\u1ec3 qu\u00e9t c\u00e1c file, email, trang web v\u00e0 c\u00e1c \u1ee9ng d\u1ee5ng kh\u00e1c \u0111\u1ec3 t\u00ecm ki\u1ebfm c\u00e1c m\u1ed1i \u0111e d\u1ecda ti\u1ec1m \u1ea9n. N\u00f3 c\u0169ng cung c\u1ea5p b\u1ea3o v\u1ec7 th\u1eddi gian th\u1ef1c v\u00e0 c\u00e1c t\u00ednh n\u0103ng b\u1ea3o m\u1eadt kh\u00e1c \u0111\u1ec3 b\u1ea3o v\u1ec7 m\u00e1y t\u00ednh c\u1ee7a b\u1ea1n kh\u1ecfi c\u00e1c m\u1ed1i \u0111e d\u1ecda tr\u1ef1c tuy\u1ebfn.<\/span><\/p>\n<p><img loading=\"lazy\" decoding=\"async\" class=\"aligncenter wp-image-379 size-full\" src=\"https:\/\/shopbanquyen.net\/lic\/wp-content\/uploads\/2023\/04\/497771_497842_common_15060_01.png\" alt=\"\" width=\"750\" height=\"549\" srcset=\"https:\/\/shopbanquyen.net\/lic\/wp-content\/uploads\/2023\/04\/497771_497842_common_15060_01.png 750w, https:\/\/shopbanquyen.net\/lic\/wp-content\/uploads\/2023\/04\/497771_497842_common_15060_01-300x220.png 300w, https:\/\/shopbanquyen.net\/lic\/wp-content\/uploads\/2023\/04\/497771_497842_common_15060_01-600x439.png 600w\" sizes=\"(max-width: 750px) 100vw, 750px\" \/><\/p>\n<p>&nbsp;<\/p>\n<p><span style=\"font-size: 110%;\"><span style=\"color: #0000ff;\"><strong>Key Kaspersky Anti Virus b\u1ea3n quy\u1ec1n<\/strong><\/span> l\u00e0 1 d\u00e3y g\u1ed3m <strong><span style=\"color: #ff0000;\">20 k\u00fd t\u1ef1 d\u1ea1ng: XXXXX-XXXXX-XXXXX-XXXXX<\/span><\/strong> d\u00f9ng \u0111\u1ec3 k\u00edch ho\u1ea1t b\u1ea3n quy\u1ec1n khi ph\u1ea7n m\u1ec1m KAV c\u1ee7a b\u1ea1n h\u1ebft h\u1ea1n ho\u1eb7c c\u00e0i \u0111\u1eb7t m\u1edbi. B\u1ea3n quy\u1ec1n c\u00f3 gi\u00e1 tr\u1ecb 1 n\u0103m, 2 n\u0103m, 3 n\u0103m&#8230;t\u00f9y t\u1eebng \u0111\u01a1n gi\u00e1 ch\u00fang ta chi tr\u1ea3.<\/span><\/p>\n<p><span style=\"font-size: 110%;\">\u0110\u1ed1i t\u01b0\u1ee3ng n\u00ean d\u00f9ng: Ng\u01b0\u1eddi d\u00f9ng s\u1edf h\u1eefu nhi\u1ec1u thi\u1ebft b\u1ecb c\u00f9ng l\u00fac nh\u01b0 PC, Mac, \u0110i\u1ec7n tho\u1ea1i th\u00f4ng minh Android, M\u00e1y t\u00ednh b\u1ea3ng Android.<\/span><\/p>\n<h2><strong>T\u1ea3i v\u00e0 nh\u1eadp Key Kaspersky Anti Virus b\u1ea3n quy\u1ec1n nh\u01b0 n\u00e0o?<\/strong><\/h2>\n<p><span style=\"font-size: 110%;\">Link t\u1ea3i b\u1ed9 c\u00e0i \u0111\u1eb7t tr\u1ef1c ti\u1ebfp t\u1eeb trang ch\u1ee7: <a href=\"https:\/\/www.kaspersky.com\/downloads\/thank-you\/antivirus-free-trial\">https:\/\/www.kaspersky.com\/downloads\/thank-you\/antivirus-free-trial\u00a0<\/a><\/span><\/p>\n<div dir=\"auto\"><span style=\"font-size: 110%;\">Sau khi c\u00e0i \u0111\u1eb7t xong, b\u1ea1n m\u1edf ph\u1ea7n m\u1ec1m KAV l\u00ean, b\u1ea5m v\u00e0o ch\u1eef <span style=\"color: #0000ff;\"><b>License 30 day (G\u00f3c ph\u1ea3i, d\u01b0\u1edbi c\u00f9ng)<\/b><\/span>, ti\u1ebfp b\u1ea5m v\u00e0o ch\u1eef<b>\u00a0<span style=\"color: #0000ff;\">Enter Code<\/span><\/b>\u00a0-&gt; \u0110i\u1ec1n key ph\u00eda tr\u00ean \u0111\u1ec3 k\u00edch ho\u1ea1t s\u1ea3n ph\u1ea9m.<\/span><\/div>\n<div><span style=\"font-size: 110%;\">Ho\u1eb7c b\u1ea1n c\u00f3 th\u1ec3 \u0111\u0103ng nh\u1eadp My\u00a0Kaspersky\u00a0\u0111\u1ec3 \u0111i\u1ec1n m\u00e3 key li\u00ean k\u1ebft c\u00f9ng t\u00e0i kho\u1ea3n\u00a0Kaspersky.<\/span><\/div>\n<h2><strong>Ti\u1ec7n \u00edch c\u1ee7a Kaspersky <\/strong><strong>Anti Virus <\/strong><strong>l\u00e0 g\u00ec?<\/strong><\/h2>\n<p><span style=\"font-size: 110%;\">Kaspersky Anti-Virus c\u00f3 nhi\u1ec1u ti\u1ec7n \u00edch h\u1eefu \u00edch nh\u01b0 sau:<\/span><\/p>\n<blockquote>\n<ol>\n<li><span style=\"font-size: 110%;\">B\u1ea3o v\u1ec7 ch\u1ed1ng l\u1ea1i virus v\u00e0 ph\u1ea7n m\u1ec1m \u0111\u1ed9c h\u1ea1i: Kaspersky Anti-Virus cung c\u1ea5p b\u1ea3o v\u1ec7 ch\u1ed1ng l\u1ea1i virus, trojan, ph\u1ea7n m\u1ec1m \u0111\u1ed9c h\u1ea1i v\u00e0 c\u00e1c m\u1ed1i \u0111e d\u1ecda kh\u00e1c.<\/span><\/li>\n<li><span style=\"font-size: 110%;\">Qu\u00e9t to\u00e0n b\u1ed9 h\u1ec7 th\u1ed1ng: Kaspersky Anti-Virus c\u00f3 th\u1ec3 qu\u00e9t to\u00e0n b\u1ed9 h\u1ec7 th\u1ed1ng c\u1ee7a b\u1ea1n \u0111\u1ec3 t\u00ecm ki\u1ebfm c\u00e1c m\u1ed1i \u0111e d\u1ecda.<\/span><\/li>\n<li><span style=\"font-size: 110%;\">Qu\u00e9t c\u00e1c file, email, trang web v\u00e0 \u1ee9ng d\u1ee5ng kh\u00e1c: Kaspersky Anti-Virus c\u00f3 th\u1ec3 qu\u00e9t c\u00e1c file, email, trang web v\u00e0 \u1ee9ng d\u1ee5ng kh\u00e1c \u0111\u1ec3 t\u00ecm ki\u1ebfm c\u00e1c m\u1ed1i \u0111e d\u1ecda ti\u1ec1m \u1ea9n.<\/span><\/li>\n<li><span style=\"font-size: 110%;\">B\u1ea3o v\u1ec7 th\u1eddi gian th\u1ef1c: Kaspersky Anti-Virus cung c\u1ea5p b\u1ea3o v\u1ec7 th\u1eddi gian th\u1ef1c \u0111\u1ec3 b\u1ea3o v\u1ec7 m\u00e1y t\u00ednh c\u1ee7a b\u1ea1n kh\u1ecfi c\u00e1c m\u1ed1i \u0111e d\u1ecda tr\u1ef1c tuy\u1ebfn.<\/span><\/li>\n<li><span style=\"font-size: 110%;\">T\u1ed1i \u01b0u h\u00f3a hi\u1ec7u su\u1ea5t: Kaspersky Anti-Virus \u0111\u01b0\u1ee3c thi\u1ebft k\u1ebf \u0111\u1ec3 kh\u00f4ng \u1ea3nh h\u01b0\u1edfng \u0111\u1ebfn hi\u1ec7u su\u1ea5t c\u1ee7a m\u00e1y t\u00ednh c\u1ee7a b\u1ea1n.<\/span><\/li>\n<li><span style=\"font-size: 110%;\">C\u1eadp nh\u1eadt \u0111\u1ecbnh k\u1ef3: Kaspersky Anti-Virus c\u1eadp nh\u1eadt \u0111\u1ecbnh k\u1ef3 \u0111\u1ec3 \u0111\u1ea3m b\u1ea3o r\u1eb1ng n\u00f3 c\u00f3 th\u1ec3 ph\u00e1t hi\u1ec7n v\u00e0 lo\u1ea1i b\u1ecf c\u00e1c m\u1ed1i \u0111e d\u1ecda m\u1edbi nh\u1ea5t.<\/span><\/li>\n<li><span style=\"font-size: 110%;\">Ti\u1ebft ki\u1ec7m t\u00e0i nguy\u00ean: Kaspersky Anti-Virus s\u1eed d\u1ee5ng \u00edt t\u00e0i nguy\u00ean h\u1ec7 th\u1ed1ng \u0111\u1ec3 gi\u1ea3m thi\u1ec3u \u1ea3nh h\u01b0\u1edfng \u0111\u1ebfn hi\u1ec7u su\u1ea5t c\u1ee7a m\u00e1y t\u00ednh.<\/span><\/li>\n<\/ol>\n<\/blockquote>\n<p><span style=\"font-size: 110%;\">T\u00f3m l\u1ea1i, Kaspersky Anti-Virus cung c\u1ea5p nhi\u1ec1u ti\u1ec7n \u00edch \u0111\u1ec3 b\u1ea3o v\u1ec7 m\u00e1y t\u00ednh c\u1ee7a b\u1ea1n kh\u1ecfi c\u00e1c m\u1ed1i \u0111e d\u1ecda tr\u1ef1c tuy\u1ebfn v\u00e0 gi\u00fap b\u1ea1n duy tr\u00ec hi\u1ec7u su\u1ea5t c\u1ee7a m\u00e1y t\u00ednh.<\/span><\/p>\n<h2><strong>Y\u00eau c\u1ea7u h\u1ec7 th\u1ed1ng \u0111\u1ec3 c\u00e0i Kaspersky Anti Virus?<\/strong><\/h2>\n<table style=\"width: 100%;\" border=\"0\" cellspacing=\"0\" cellpadding=\"0\" align=\"left\">\n<tbody>\n<tr>\n<td style=\"width: 100%;\"><strong>M\u00e1y t\u00ednh \u0111\u1ec3 b\u00e0n v\u00e0 m\u00e1y t\u00ednh x\u00e1ch tay ch\u1ea1y Windows\u00ae (H\u1ec7 th\u1ed1ng c\u00f3 b\u1ed9 x\u1eed l\u00fd x86)<\/strong><\/td>\n<\/tr>\n<tr>\n<td style=\"width: 100%;\">\n<ul>\n<li>1.500 MB dung l\u01b0\u1ee3ng tr\u1ed1ng tr\u00ean \u1ed5 c\u1ee9ng<\/li>\n<li>Microsoft Windows 11<sup>1<\/sup>\u00a0Home \/ Pro \/ Enterprise<sup>2, 3<\/sup><\/li>\n<li>Microsoft Windows 10<sup>1<\/sup>\u00a0Home \/ Pro \/ Enterprise<sup>2, 3<\/sup><\/li>\n<li>Microsoft Windows 8 &amp; 8.1 \/ Pro \/ Enterprise<sup>2<\/sup>\u00a0\/ 8.1 c\u1eadp nh\u1eadt<sup>3<\/sup><\/li>\n<li>Microsoft Windows 7 Starter \/ Home Basic &amp; Premium \/ Professional \/ Ultimate \u2014 SP1 tr\u1edf l\u00ean<sup>3<\/sup><\/li>\n<li>B\u1ed9 x\u1eed l\u00fd: 1 GHz tr\u1edf l\u00ean<\/li>\n<li>B\u1ed9 nh\u1edb (RAM): 1 GB (32-bit) ho\u1eb7c 2 GB (64-bit)<\/li>\n<li>\u0110\u1ed9 ph\u00e2n gi\u1ea3i m\u00e0n h\u00ecnh t\u1ed1i thi\u1ec3u: 1024 x 768<\/li>\n<\/ul>\n<\/td>\n<\/tr>\n<tr>\n<td style=\"width: 100%;\"><span style=\"font-size: 110%;\"><strong>M\u00e1y t\u00ednh \u0111\u1ec3 b\u00e0n v\u00e0 m\u00e1y t\u00ednh x\u00e1ch tay Mac\u00ae<\/strong><\/span><\/td>\n<\/tr>\n<tr>\n<td style=\"width: 100%;\">\n<ul>\n<li><span style=\"font-size: 110%;\">2635 MB dung l\u01b0\u1ee3ng tr\u1ed1ng tr\u00ean \u1ed5 c\u1ee9ng<\/span><\/li>\n<li><span style=\"font-size: 110%;\">B\u1ed9 nh\u1edb (RAM): 2 GB<\/span><\/li>\n<li><span style=\"font-size: 110%;\">macOS 10.12 &#8211; 11.0<\/span><\/li>\n<\/ul>\n<\/td>\n<\/tr>\n<tr>\n<td style=\"width: 100%;\"><span style=\"font-size: 110%;\"><strong>\u0110i\u1ec7n tho\u1ea1i th\u00f4ng minh v\u00e0 m\u00e1y t\u00ednh b\u1ea3ng Android<\/strong><strong><sup>4<\/sup><\/strong><\/span><\/td>\n<\/tr>\n<tr>\n<td style=\"width: 100%;\">\n<ul>\n<li><span style=\"font-size: 110%;\">Android\u2122 5.0 tr\u1edf l\u00ean<\/span><\/li>\n<li><span style=\"font-size: 110%;\">\u0110\u1ed9 ph\u00e2n gi\u1ea3i m\u00e0n h\u00ecnh t\u1ed1i thi\u1ec3u: 320 x 480<\/span><\/li>\n<\/ul>\n<\/td>\n<\/tr>\n<\/tbody>\n<\/table>\n<h2><strong>C\u00e1c phi\u00ean b\u1ea3n c\u1ee7a Kaspersky kh\u00e1c nhau nh\u01b0 n\u00e0o?<\/strong><\/h2>\n<p><img loading=\"lazy\" decoding=\"async\" class=\"aligncenter wp-image-315 size-full\" src=\"https:\/\/shopbanquyen.net\/lic\/wp-content\/uploads\/2023\/02\/900_so-sanh-san-pham2.png\" alt=\"\" width=\"900\" height=\"863\" srcset=\"https:\/\/shopbanquyen.net\/lic\/wp-content\/uploads\/2023\/02\/900_so-sanh-san-pham2.png 900w, https:\/\/shopbanquyen.net\/lic\/wp-content\/uploads\/2023\/02\/900_so-sanh-san-pham2-300x288.png 300w, https:\/\/shopbanquyen.net\/lic\/wp-content\/uploads\/2023\/02\/900_so-sanh-san-pham2-768x736.png 768w, https:\/\/shopbanquyen.net\/lic\/wp-content\/uploads\/2023\/02\/900_so-sanh-san-pham2-600x575.png 600w\" sizes=\"(max-width: 900px) 100vw, 900px\" \/><\/p>\n","protected":false},"excerpt":{"rendered":"<p><span style=\"font-size: 110%;\">\u2013 Key Kaspersky Anti Virus ch\u00ednh h\u00e3ng<\/span><br \/>\n<span style=\"font-size: 110%;\">\u2013 Key Digital \u2013 K\u00edch ho\u1ea1t Online<\/span><br \/>\n<span style=\"font-size: 110%;\">\u2013 C\u00e0i \u0111\u1eb7t 3 m\u00e1y<\/span><br \/>\n<span style=\"font-size: 110%;\">\u2013 B\u1ea3n quy\u1ec1n 1 n\u0103m<\/span><br \/>\n<span style=\"font-size: 110%;\">\u2013 B\u1ea3o h\u00e0nh 1 n\u0103m<\/span><br \/>\n<span style=\"font-size: 110%;\">\u2013 Ho\u00e0n ti\u1ec1n n\u1ebfu kh\u00f4ng \u0111\u00fang cam k\u1ebft<\/span><br \/>\n<span style=\"font-size: 110%;\">\u2013 Nh\u1eadn Key sau 1 ph\u00fat qua Email, Zalo<\/span><\/p>\n","protected":false},"featured_media":1311,"comment_status":"open","ping_status":"closed","template":"","meta":{"_sitemap_exclude":false,"_sitemap_priority":"","_sitemap_frequency":""},"product_cat":[17],"product_tag":[60],"yoast_head":"<!-- This site is optimized with the Yoast SEO plugin v24.5 - https:\/\/yoast.com\/wordpress\/plugins\/seo\/ -->\n<title>Key Kaspersky Anti Virus 3 m\u00e1y gi\u00e1 s\u1ec9 - Shop Key b\u1ea3n quy\u1ec1n gi\u00e1 s\u1ec9<\/title>\n<meta name=\"description\" content=\"S\u1ed1c qu\u00e1!!! Key Kaspersky anti virus b\u1ea3n quy\u1ec1n gi\u00e1 s\u1ec9, ch\u1ec9 t\u1eeb 220k b\u1ea1n s\u1ebd s\u1edf h\u1eefu ngay 1 b\u1ea3n quy\u1ec1n di\u1ec7t virus 1 n\u0103m, s\u1eed d\u1ee5ng 3 m\u00e1y. Mua ngay th\u00f4i!\" \/>\n<meta name=\"robots\" content=\"index, follow, max-snippet:-1, max-image-preview:large, max-video-preview:-1\" \/>\n<link rel=\"canonical\" href=\"https:\/\/shopbanquyen.net\/lic\/sp\/key-kaspersky-anti-virus-3-may-gia-si\/\" \/>\n<meta property=\"og:locale\" content=\"vi_VN\" \/>\n<meta property=\"og:type\" content=\"article\" \/>\n<meta property=\"og:title\" content=\"Key Kaspersky Anti Virus 3 m\u00e1y gi\u00e1 s\u1ec9 - Shop Key b\u1ea3n quy\u1ec1n gi\u00e1 s\u1ec9\" \/>\n<meta property=\"og:description\" content=\"S\u1ed1c qu\u00e1!!! Key Kaspersky anti virus b\u1ea3n quy\u1ec1n gi\u00e1 s\u1ec9, ch\u1ec9 t\u1eeb 220k b\u1ea1n s\u1ebd s\u1edf h\u1eefu ngay 1 b\u1ea3n quy\u1ec1n di\u1ec7t virus 1 n\u0103m, s\u1eed d\u1ee5ng 3 m\u00e1y. Mua ngay th\u00f4i!\" \/>\n<meta property=\"og:url\" content=\"https:\/\/shopbanquyen.net\/lic\/sp\/key-kaspersky-anti-virus-3-may-gia-si\/\" \/>\n<meta property=\"og:site_name\" content=\"Shop Key b\u1ea3n quy\u1ec1n gi\u00e1 s\u1ec9\" \/>\n<meta property=\"article:modified_time\" content=\"2024-06-24T16:47:38+00:00\" \/>\n<meta property=\"og:image\" content=\"https:\/\/shopbanquyen.net\/lic\/wp-content\/uploads\/2023\/04\/Kaspersky-Anti-Virus.jpg\" \/>\n\t<meta property=\"og:image:width\" content=\"1205\" \/>\n\t<meta property=\"og:image:height\" content=\"1593\" \/>\n\t<meta property=\"og:image:type\" content=\"image\/jpeg\" \/>\n<meta name=\"twitter:card\" content=\"summary_large_image\" \/>\n<meta name=\"twitter:label1\" content=\"\u01af\u1edbc t\u00ednh th\u1eddi gian \u0111\u1ecdc\" \/>\n\t<meta name=\"twitter:data1\" content=\"5 ph\u00fat\" \/>\n<script type=\"application\/ld+json\" class=\"yoast-schema-graph\">{\"@context\":\"https:\/\/schema.org\",\"@graph\":[{\"@type\":\"WebPage\",\"@id\":\"https:\/\/shopbanquyen.net\/lic\/sp\/key-kaspersky-anti-virus-3-may-gia-si\/\",\"url\":\"https:\/\/shopbanquyen.net\/lic\/sp\/key-kaspersky-anti-virus-3-may-gia-si\/\",\"name\":\"Key Kaspersky Anti Virus 3 m\u00e1y gi\u00e1 s\u1ec9 - Shop Key b\u1ea3n quy\u1ec1n gi\u00e1 s\u1ec9\",\"isPartOf\":{\"@id\":\"https:\/\/shopbanquyen.net\/lic\/#website\"},\"primaryImageOfPage\":{\"@id\":\"https:\/\/shopbanquyen.net\/lic\/sp\/key-kaspersky-anti-virus-3-may-gia-si\/#primaryimage\"},\"image\":{\"@id\":\"https:\/\/shopbanquyen.net\/lic\/sp\/key-kaspersky-anti-virus-3-may-gia-si\/#primaryimage\"},\"thumbnailUrl\":\"https:\/\/shopbanquyen.net\/lic\/wp-content\/uploads\/2023\/04\/Kaspersky-Anti-Virus.jpg\",\"datePublished\":\"2023-04-10T03:31:11+00:00\",\"dateModified\":\"2024-06-24T16:47:38+00:00\",\"description\":\"S\u1ed1c qu\u00e1!!! Key Kaspersky anti virus b\u1ea3n quy\u1ec1n gi\u00e1 s\u1ec9, ch\u1ec9 t\u1eeb 220k b\u1ea1n s\u1ebd s\u1edf h\u1eefu ngay 1 b\u1ea3n quy\u1ec1n di\u1ec7t virus 1 n\u0103m, s\u1eed d\u1ee5ng 3 m\u00e1y. Mua ngay th\u00f4i!\",\"breadcrumb\":{\"@id\":\"https:\/\/shopbanquyen.net\/lic\/sp\/key-kaspersky-anti-virus-3-may-gia-si\/#breadcrumb\"},\"inLanguage\":\"vi\",\"potentialAction\":[{\"@type\":\"ReadAction\",\"target\":[\"https:\/\/shopbanquyen.net\/lic\/sp\/key-kaspersky-anti-virus-3-may-gia-si\/\"]}]},{\"@type\":\"ImageObject\",\"inLanguage\":\"vi\",\"@id\":\"https:\/\/shopbanquyen.net\/lic\/sp\/key-kaspersky-anti-virus-3-may-gia-si\/#primaryimage\",\"url\":\"https:\/\/shopbanquyen.net\/lic\/wp-content\/uploads\/2023\/04\/Kaspersky-Anti-Virus.jpg\",\"contentUrl\":\"https:\/\/shopbanquyen.net\/lic\/wp-content\/uploads\/2023\/04\/Kaspersky-Anti-Virus.jpg\",\"width\":1205,\"height\":1593},{\"@type\":\"BreadcrumbList\",\"@id\":\"https:\/\/shopbanquyen.net\/lic\/sp\/key-kaspersky-anti-virus-3-may-gia-si\/#breadcrumb\",\"itemListElement\":[{\"@type\":\"ListItem\",\"position\":1,\"name\":\"Trang ch\u1ee7\",\"item\":\"https:\/\/shopbanquyen.net\/lic\/\"},{\"@type\":\"ListItem\",\"position\":2,\"name\":\"C\u1eeda h\u00e0ng\",\"item\":\"https:\/\/shopbanquyen.net\/lic\/cua-hang\/\"},{\"@type\":\"ListItem\",\"position\":3,\"name\":\"Key Kaspersky Anti Virus 3 m\u00e1y gi\u00e1 s\u1ec9\"}]},{\"@type\":\"WebSite\",\"@id\":\"https:\/\/shopbanquyen.net\/lic\/#website\",\"url\":\"https:\/\/shopbanquyen.net\/lic\/\",\"name\":\"Shop Key b\u1ea3n quy\u1ec1n gi\u00e1 s\u1ec9\",\"description\":\"\u2705 Cung c\u1ea5p KEY Windows 11, 10, 8.1, 7, key Office 2021, 2019, 2016, 2013, 2010 \u2705 Key windows Server 2012, 2016, 2019, 2022 \u2705 key ph\u1ea7n m\u1ec1m di\u1ec7t virus Kaspersky gi\u00e1 s\u1ec9 r\u1ebb nh\u1ea5t to\u00e0n qu\u1ed1c. \u1ed4n \u0111\u1ecbnh gi\u00e1 ch\u1ec9 t\u1eeb 90k. Mua key b\u1ea3n quy\u1ec1n \u1edf \u0111\u00e2u uy t\u00edn gi\u00e1 r\u1ebb t\u1ea1i shopbanquyen.net\",\"publisher\":{\"@id\":\"https:\/\/shopbanquyen.net\/lic\/#\/schema\/person\/5bc8ac16331f90b449d610535f16bbe3\"},\"potentialAction\":[{\"@type\":\"SearchAction\",\"target\":{\"@type\":\"EntryPoint\",\"urlTemplate\":\"https:\/\/shopbanquyen.net\/lic\/?s={search_term_string}\"},\"query-input\":{\"@type\":\"PropertyValueSpecification\",\"valueRequired\":true,\"valueName\":\"search_term_string\"}}],\"inLanguage\":\"vi\"},{\"@type\":[\"Person\",\"Organization\"],\"@id\":\"https:\/\/shopbanquyen.net\/lic\/#\/schema\/person\/5bc8ac16331f90b449d610535f16bbe3\",\"name\":\"admin\",\"image\":{\"@type\":\"ImageObject\",\"inLanguage\":\"vi\",\"@id\":\"https:\/\/shopbanquyen.net\/lic\/#\/schema\/person\/image\/\",\"url\":\"https:\/\/shopbanquyen.net\/lic\/wp-content\/uploads\/2023\/03\/yellow-key-5a5d2aced92b090036cbe805-1.png\",\"contentUrl\":\"https:\/\/shopbanquyen.net\/lic\/wp-content\/uploads\/2023\/03\/yellow-key-5a5d2aced92b090036cbe805-1.png\",\"width\":768,\"height\":512,\"caption\":\"admin\"},\"logo\":{\"@id\":\"https:\/\/shopbanquyen.net\/lic\/#\/schema\/person\/image\/\"}}]}<\/script>\n<!-- \/ Yoast SEO plugin. -->","yoast_head_json":{"title":"Key Kaspersky Anti Virus 3 m\u00e1y gi\u00e1 s\u1ec9 - Shop Key b\u1ea3n quy\u1ec1n gi\u00e1 s\u1ec9","description":"S\u1ed1c qu\u00e1!!! Key Kaspersky anti virus b\u1ea3n quy\u1ec1n gi\u00e1 s\u1ec9, ch\u1ec9 t\u1eeb 220k b\u1ea1n s\u1ebd s\u1edf h\u1eefu ngay 1 b\u1ea3n quy\u1ec1n di\u1ec7t virus 1 n\u0103m, s\u1eed d\u1ee5ng 3 m\u00e1y. Mua ngay th\u00f4i!","robots":{"index":"index","follow":"follow","max-snippet":"max-snippet:-1","max-image-preview":"max-image-preview:large","max-video-preview":"max-video-preview:-1"},"canonical":"https:\/\/shopbanquyen.net\/lic\/sp\/key-kaspersky-anti-virus-3-may-gia-si\/","og_locale":"vi_VN","og_type":"article","og_title":"Key Kaspersky Anti Virus 3 m\u00e1y gi\u00e1 s\u1ec9 - Shop Key b\u1ea3n quy\u1ec1n gi\u00e1 s\u1ec9","og_description":"S\u1ed1c qu\u00e1!!! Key Kaspersky anti virus b\u1ea3n quy\u1ec1n gi\u00e1 s\u1ec9, ch\u1ec9 t\u1eeb 220k b\u1ea1n s\u1ebd s\u1edf h\u1eefu ngay 1 b\u1ea3n quy\u1ec1n di\u1ec7t virus 1 n\u0103m, s\u1eed d\u1ee5ng 3 m\u00e1y. Mua ngay th\u00f4i!","og_url":"https:\/\/shopbanquyen.net\/lic\/sp\/key-kaspersky-anti-virus-3-may-gia-si\/","og_site_name":"Shop Key b\u1ea3n quy\u1ec1n gi\u00e1 s\u1ec9","article_modified_time":"2024-06-24T16:47:38+00:00","og_image":[{"width":1205,"height":1593,"url":"https:\/\/shopbanquyen.net\/lic\/wp-content\/uploads\/2023\/04\/Kaspersky-Anti-Virus.jpg","type":"image\/jpeg"}],"twitter_card":"summary_large_image","twitter_misc":{"\u01af\u1edbc t\u00ednh th\u1eddi gian \u0111\u1ecdc":"5 ph\u00fat"},"schema":{"@context":"https:\/\/schema.org","@graph":[{"@type":"WebPage","@id":"https:\/\/shopbanquyen.net\/lic\/sp\/key-kaspersky-anti-virus-3-may-gia-si\/","url":"https:\/\/shopbanquyen.net\/lic\/sp\/key-kaspersky-anti-virus-3-may-gia-si\/","name":"Key Kaspersky Anti Virus 3 m\u00e1y gi\u00e1 s\u1ec9 - Shop Key b\u1ea3n quy\u1ec1n gi\u00e1 s\u1ec9","isPartOf":{"@id":"https:\/\/shopbanquyen.net\/lic\/#website"},"primaryImageOfPage":{"@id":"https:\/\/shopbanquyen.net\/lic\/sp\/key-kaspersky-anti-virus-3-may-gia-si\/#primaryimage"},"image":{"@id":"https:\/\/shopbanquyen.net\/lic\/sp\/key-kaspersky-anti-virus-3-may-gia-si\/#primaryimage"},"thumbnailUrl":"https:\/\/shopbanquyen.net\/lic\/wp-content\/uploads\/2023\/04\/Kaspersky-Anti-Virus.jpg","datePublished":"2023-04-10T03:31:11+00:00","dateModified":"2024-06-24T16:47:38+00:00","description":"S\u1ed1c qu\u00e1!!! Key Kaspersky anti virus b\u1ea3n quy\u1ec1n gi\u00e1 s\u1ec9, ch\u1ec9 t\u1eeb 220k b\u1ea1n s\u1ebd s\u1edf h\u1eefu ngay 1 b\u1ea3n quy\u1ec1n di\u1ec7t virus 1 n\u0103m, s\u1eed d\u1ee5ng 3 m\u00e1y. Mua ngay th\u00f4i!","breadcrumb":{"@id":"https:\/\/shopbanquyen.net\/lic\/sp\/key-kaspersky-anti-virus-3-may-gia-si\/#breadcrumb"},"inLanguage":"vi","potentialAction":[{"@type":"ReadAction","target":["https:\/\/shopbanquyen.net\/lic\/sp\/key-kaspersky-anti-virus-3-may-gia-si\/"]}]},{"@type":"ImageObject","inLanguage":"vi","@id":"https:\/\/shopbanquyen.net\/lic\/sp\/key-kaspersky-anti-virus-3-may-gia-si\/#primaryimage","url":"https:\/\/shopbanquyen.net\/lic\/wp-content\/uploads\/2023\/04\/Kaspersky-Anti-Virus.jpg","contentUrl":"https:\/\/shopbanquyen.net\/lic\/wp-content\/uploads\/2023\/04\/Kaspersky-Anti-Virus.jpg","width":1205,"height":1593},{"@type":"BreadcrumbList","@id":"https:\/\/shopbanquyen.net\/lic\/sp\/key-kaspersky-anti-virus-3-may-gia-si\/#breadcrumb","itemListElement":[{"@type":"ListItem","position":1,"name":"Trang ch\u1ee7","item":"https:\/\/shopbanquyen.net\/lic\/"},{"@type":"ListItem","position":2,"name":"C\u1eeda h\u00e0ng","item":"https:\/\/shopbanquyen.net\/lic\/cua-hang\/"},{"@type":"ListItem","position":3,"name":"Key Kaspersky Anti Virus 3 m\u00e1y gi\u00e1 s\u1ec9"}]},{"@type":"WebSite","@id":"https:\/\/shopbanquyen.net\/lic\/#website","url":"https:\/\/shopbanquyen.net\/lic\/","name":"Shop Key b\u1ea3n quy\u1ec1n gi\u00e1 s\u1ec9","description":"\u2705 Cung c\u1ea5p KEY Windows 11, 10, 8.1, 7, key Office 2021, 2019, 2016, 2013, 2010 \u2705 Key windows Server 2012, 2016, 2019, 2022 \u2705 key ph\u1ea7n m\u1ec1m di\u1ec7t virus Kaspersky gi\u00e1 s\u1ec9 r\u1ebb nh\u1ea5t to\u00e0n qu\u1ed1c. \u1ed4n \u0111\u1ecbnh gi\u00e1 ch\u1ec9 t\u1eeb 90k. Mua key b\u1ea3n quy\u1ec1n \u1edf \u0111\u00e2u uy t\u00edn gi\u00e1 r\u1ebb t\u1ea1i shopbanquyen.net","publisher":{"@id":"https:\/\/shopbanquyen.net\/lic\/#\/schema\/person\/5bc8ac16331f90b449d610535f16bbe3"},"potentialAction":[{"@type":"SearchAction","target":{"@type":"EntryPoint","urlTemplate":"https:\/\/shopbanquyen.net\/lic\/?s={search_term_string}"},"query-input":{"@type":"PropertyValueSpecification","valueRequired":true,"valueName":"search_term_string"}}],"inLanguage":"vi"},{"@type":["Person","Organization"],"@id":"https:\/\/shopbanquyen.net\/lic\/#\/schema\/person\/5bc8ac16331f90b449d610535f16bbe3","name":"admin","image":{"@type":"ImageObject","inLanguage":"vi","@id":"https:\/\/shopbanquyen.net\/lic\/#\/schema\/person\/image\/","url":"https:\/\/shopbanquyen.net\/lic\/wp-content\/uploads\/2023\/03\/yellow-key-5a5d2aced92b090036cbe805-1.png","contentUrl":"https:\/\/shopbanquyen.net\/lic\/wp-content\/uploads\/2023\/03\/yellow-key-5a5d2aced92b090036cbe805-1.png","width":768,"height":512,"caption":"admin"},"logo":{"@id":"https:\/\/shopbanquyen.net\/lic\/#\/schema\/person\/image\/"}}]}},"_links":{"self":[{"href":"https:\/\/shopbanquyen.net\/lic\/wp-json\/wp\/v2\/product\/381"}],"collection":[{"href":"https:\/\/shopbanquyen.net\/lic\/wp-json\/wp\/v2\/product"}],"about":[{"href":"https:\/\/shopbanquyen.net\/lic\/wp-json\/wp\/v2\/types\/product"}],"replies":[{"embeddable":true,"href":"https:\/\/shopbanquyen.net\/lic\/wp-json\/wp\/v2\/comments?post=381"}],"wp:featuredmedia":[{"embeddable":true,"href":"https:\/\/shopbanquyen.net\/lic\/wp-json\/wp\/v2\/media\/1311"}],"wp:attachment":[{"href":"https:\/\/shopbanquyen.net\/lic\/wp-json\/wp\/v2\/media?parent=381"}],"wp:term":[{"taxonomy":"product_cat","embeddable":true,"href":"https:\/\/shopbanquyen.net\/lic\/wp-json\/wp\/v2\/product_cat?post=381"},{"taxonomy":"product_tag","embeddable":true,"href":"https:\/\/shopbanquyen.net\/lic\/wp-json\/wp\/v2\/product_tag?post=381"}],"curies":[{"name":"wp","href":"https:\/\/api.w.org\/{rel}","templated":true}]}}