{"id":10,"date":"2023-03-29T14:52:04","date_gmt":"2023-03-29T07:52:04","guid":{"rendered":"http:\/\/keybanquyengiasi.com\/cameradinhvi\/?page_id=10"},"modified":"2025-01-27T22:34:32","modified_gmt":"2025-01-27T15:34:32","slug":"chinh-sach-doi-tra","status":"publish","type":"page","link":"https:\/\/shopbanquyen.net\/lic\/chinh-sach-doi-tra\/","title":{"rendered":"CH\u00cdNH S\u00c1CH \u0110\u1ed4I TR\u1ea2"},"content":{"rendered":"<h1><strong>CH\u00cdNH S\u00c1CH \u0110\u1ed4I TR\u1ea2 L\u1ea0I H\u00c0NG<\/strong><\/h1>\n<p><span style=\"text-decoration: underline;\"><span style=\"font-size: 120%;\"><strong><span style=\"color: #0000ff; text-decoration: underline;\">1) TH\u1edcI GIAN \u00c1P D\u1ee4NG<\/span><\/strong><\/span><\/span><br \/>\n<strong><span style=\"font-size: 110%; color: #800000;\">&#8211; V\u1edbi \u0111\u01a1n h\u00e0ng mua Online: \u0111\u1ed5i m\u1edbi sau 1 ng\u00e0y n\u1ebfu s\u1ea3n ph\u1ea9m l\u1ed7i. <\/span><\/strong><span style=\"font-size: 110%; color: #800000;\"><span style=\"color: #000000;\">S\u1ea3n ph\u1ea9m \u0111\u1ed5i m\u1edbi s\u1ebd \u0111\u01b0\u1ee3c g\u1eedi l\u1ea1i qua <span style=\"color: #0000ff;\"><strong>email \u0111\u1eb7t h\u00e0ng<\/strong><\/span> c\u1ee7a qu\u00fd kh\u00e1ch h\u00e0ng.<\/span><\/span><br \/>\n<strong><span style=\"font-size: 110%; color: #800000;\">&#8211; V\u1edbi \u0111\u01a1n h\u00e0ng giao h\u00e0ng t\u1ea1i nh\u00e0 (COD):\u00a0<\/span><\/strong><\/p>\n<ul>\n<li><span style=\"font-size: 110%;\"><span style=\"color: #0000ff;\"><strong>07 ng\u00e0y<\/strong><\/span> k\u1ec3 t\u1eeb ng\u00e0y mua h\u00e0ng \u0111\u1ed1i v\u1edbi c\u00e1c kh\u00e1ch h\u00e0ng thu\u1ed9c khu v\u1ef1c th\u00e0nh ph\u1ed1 H\u00e0 N\u1ed9i, TP.HCM<\/span><\/li>\n<li><span style=\"font-size: 110%;\"><strong><span style=\"color: #800000;\">10 ng\u00e0y<\/span><\/strong> k\u1ec3 t\u1eeb ng\u00e0y nh\u1eadn h\u00e0ng \u0111\u1ed1i v\u1edbi c\u00e1c kh\u00e1ch h\u00e0ng thu\u1ed9c t\u1ec9nh\/th\u00e0nh ph\u1ed1 kh\u00e1c theo x\u00e1c nh\u1eadn c\u1ee7a \u0111\u01a1n v\u1ecb v\u1eadn chuy\u1ec3n ho\u1eb7c c\u0103n c\u1ee9 theo d\u1ea5u c\u1ee7a b\u01b0u \u0111i\u1ec7n<\/span><\/li>\n<li><span style=\"font-size: 110%;\"><strong>Ng\u00e0y mua<\/strong>: l\u00e0 ng\u00e0y ghi tr\u00ean h\u00f3a \u0111\u01a1n b\u00e1n h\u00e0ng.<\/span><\/li>\n<\/ul>\n<p><span style=\"text-decoration: underline; color: #0000ff;\"><span style=\"font-size: 120%;\"><strong>2) \u0110\u1ecaA \u0110I\u1ec2M \u00c1P D\u1ee4NG<\/strong><\/span><\/span><br \/>\n<span style=\"font-size: 110%;\"><strong><span style=\"font-size: 110%; color: #800000;\">&#8211; V\u1edbi \u0111\u01a1n h\u00e0ng mua Online: <\/span><\/strong>H\u00e0ng \u0111\u1ed5i m\u1edbi s\u1ebd \u0111\u01b0\u1ee3c g\u1eedi \u0111\u1ebfn qu\u00fd kh\u00e1ch qua <span style=\"color: #0000ff;\"><strong>email \u0111\u1eb7t h\u00e0ng<\/strong><\/span>.<\/span><br \/>\n<span style=\"font-size: 110%;\"><strong><span style=\"font-size: 110%; color: #800000;\">&#8211; V\u1edbi \u0111\u01a1n h\u00e0ng giao h\u00e0ng t\u1ea1i nh\u00e0 (COD): <\/span><\/strong>H\u00e0ng \u0111\u1ed5i m\u1edbi s\u1ebd \u0111\u01b0\u1ee3c g\u1eedi \u0111\u1ebfn <span style=\"color: #800000;\"><strong>\u0111\u1ecba ch\u1ec9 m\u00e0 qu\u00fd kh\u00e1ch cung c\u1ea5p<\/strong><\/span> cho ch\u00fang t\u00f4i.<\/span><br \/>\n<span style=\"font-size: 110%;\">Qu\u00fd kh\u00e1ch h\u00e0ng vui l\u00f2ng li\u00ean h\u1ec7 b\u1ed9 ph\u1eadn CSKH <span style=\"color: #ff0000;\"><strong>Holine: 0796.320.928<\/strong><\/span>\u00a0\u0111\u1ec3 \u0111\u01b0\u1ee3c h\u01b0\u1edbng d\u1eabn \u0111\u1ed5i tr\u1ea3.<\/span><br \/>\n<span style=\"text-decoration: underline;\"><strong><span style=\"color: #0000ff; font-size: 120%; text-decoration: underline;\">3) \u0110I\u1ec0U KI\u1ec6N \u0110\u01af\u1ee2C \u0110\u1ed4I TR\u1ea2<\/span><\/strong><\/span><br \/>\n<span style=\"font-size: 110%;\">&#8211; S\u1ea3n ph\u1ea9m Key Full Box c\u00f2n ni\u00eam phong ho\u1eb7c ch\u01b0a s\u1eed d\u1ee5ng.<\/span><br \/>\n<span style=\"font-size: 110%;\">&#8211; Key \u0111\u00e3 nh\u1eadp nh\u01b0ng kh\u00f4ng th\u00e0nh c\u00f4ng \u0111\u1ed1i v\u1edbi t\u00e0i kho\u1ea3n b\u1ea1n khai b\u00e1o mua h\u00e0ng.<\/span><br \/>\n<span style=\"font-size: 110%;\">&#8211; Ph\u1ea7n m\u1ec1m b\u1ea1n mua kh\u00f4ng t\u01b0\u01a1ng th\u00edch v\u1edbi h\u1ec7 \u0111i\u1ec1u h\u00e0nh (c\u1ea7n \u0111\u1ecdc k\u1ef9 ghi ch\u00fa s\u1ea3n ph\u1ea9m).<\/span><br \/>\n<span style=\"font-size: 110%;\">&#8211; K\u1ef9 thu\u1eadt ch\u00fang t\u00f4i kh\u00f4ng th\u1ec3 h\u1ed7 tr\u1ee3 b\u1ea1n k\u00edch ho\u1ea1t b\u1ea3n quy\u1ec1n (kh\u00f4ng bao g\u1ed3m c\u00e0i \u0111\u1eb7t \u0111\u1ed1i v\u1edbi Windows).<\/span><br \/>\n<span style=\"font-size: 110%;\">&#8211; Key b\u1ecb kh\u00f3a m\u00e0 kh\u00f4ng r\u00f5 l\u00fd do.<\/span><br \/>\n<span style=\"text-decoration: underline; color: #0000ff; font-size: 120%;\"><strong>4) KH\u00d4NG \u00c1P D\u1ee4NG CH\u00cdNH S\u00c1CH N\u00c0Y KHI N\u00c0O?<\/strong><\/span><br \/>\n<span style=\"font-size: 110%;\">&#8211; S\u1ea3n ph\u1ea9m mua trong ch\u01b0\u01a1ng tr\u00ecnh khuy\u1ebfn m\u1ea1i.<\/span><br \/>\n<span style=\"font-size: 110%;\">&#8211; S\u1ea3n ph\u1ea9m qu\u00e1 th\u1eddi h\u1ea1n \u0111\u1ed5i tr\u1ea3 l\u1ea1i h\u00e0ng.<\/span><br \/>\n<span style=\"font-size: 110%;\">&#8211; S\u1ea3n ph\u1ea9m s\u1eed d\u1ee5ng sai quy c\u00e1ch, b\u1ecb tr\u1ea7y x\u01b0\u1edbc, h\u01b0 h\u1ecfng kh\u00f4ng th\u1ec3 kh\u00f4i ph\u1ee5c.<\/span><br \/>\n<span style=\"font-size: 110%;\">&#8211; Kh\u00f4ng c\u00f3 h\u00f3a \u0111\u01a1n ho\u1eb7c m\u00e3 \u0111\u01a1n h\u00e0ng khi mua h\u00e0ng.<\/span><br \/>\n<span style=\"text-decoration: underline; font-size: 120%; color: #0000ff;\"><strong>5) QUY TR\u00ccNH X\u1eec L\u00dd TH\u1ee6 T\u1ee4C HO\u00c0N TI\u1ec0N<\/strong><\/span><br \/>\n<span style=\"font-size: 110%;\">\u0110\u1ed1i v\u1edbi c\u00e1c s\u1ea3n ph\u1ea9m b\u1ecb kh\u00f3a, l\u1ed7i h\u1ecfng&#8230;v\u00e0 qu\u00e1 tr\u00ecnh \u0111\u1ed5i tr\u1ea3 l\u1ea1i h\u00e0ng kh\u00f4ng ph\u00f9 h\u1ee3p v\u1edbi qu\u00fd kh\u00e1ch h\u00e0ng, ch\u00fang t\u00f4i s\u1ebd<strong>\u00a0<span style=\"color: #ff0000;\">Ho\u00e0n Ti\u1ec1n<\/span><\/strong> cho qu\u00fd kh\u00e1ch h\u00e0ng: Xem <a href=\"https:\/\/shopbanquyen.net\/lic\/chinh-sach-hoan-tien\/\"><span style=\"color: #0000ff;\"><strong>Ch\u00ednh s\u00e1ch ho\u00e0n ti\u1ec1n t\u1ea1i \u0111\u00e2y.<\/strong><\/span><\/a><\/span><br \/>\n<span style=\"font-size: 110%;\"> Ho\u1eb7c qu\u00fd kh\u00e1ch li\u00ean h\u1ec7 <strong>Hotline CSKH: 0796.320.928<\/strong>\u00a0ho\u1eb7c email <strong>banquyengiasi@gmail.com<\/strong>\u00a0\u0111\u1ec3 \u0111\u01b0\u1ee3c cung c\u1ea5p th\u00f4ng tin ho\u00e0n ti\u1ec1n.<\/span><\/p>\n","protected":false},"excerpt":{"rendered":"<p>CH\u00cdNH S\u00c1CH \u0110\u1ed4I TR\u1ea2 L\u1ea0I H\u00c0NG 1) TH\u1edcI GIAN \u00c1P D\u1ee4NG &#8211; V\u1edbi \u0111\u01a1n h\u00e0ng mua Online: \u0111\u1ed5i m\u1edbi sau 1 ng\u00e0y n\u1ebfu s\u1ea3n ph\u1ea9m l\u1ed7i. S\u1ea3n ph\u1ea9m \u0111\u1ed5i m\u1edbi s\u1ebd \u0111\u01b0\u1ee3c g\u1eedi l\u1ea1i qua email \u0111\u1eb7t h\u00e0ng c\u1ee7a qu\u00fd kh\u00e1ch h\u00e0ng. &#8211; V\u1edbi \u0111\u01a1n h\u00e0ng giao h\u00e0ng t\u1ea1i nh\u00e0 (COD):\u00a0 07 ng\u00e0y k\u1ec3 t\u1eeb&#8230;<\/p>\n","protected":false},"author":1,"featured_media":0,"parent":0,"menu_order":0,"comment_status":"closed","ping_status":"closed","template":"","meta":{"_sitemap_exclude":false,"_sitemap_priority":"","_sitemap_frequency":"","footnotes":""},"yoast_head":"<!-- This site is optimized with the Yoast SEO plugin v24.5 - https:\/\/yoast.com\/wordpress\/plugins\/seo\/ -->\n<title>CH\u00cdNH S\u00c1CH \u0110\u1ed4I TR\u1ea2 - Shop Key b\u1ea3n quy\u1ec1n gi\u00e1 s\u1ec9<\/title>\n<meta name=\"robots\" content=\"index, follow, max-snippet:-1, max-image-preview:large, max-video-preview:-1\" \/>\n<link rel=\"canonical\" href=\"https:\/\/shopbanquyen.net\/lic\/chinh-sach-doi-tra\/\" \/>\n<meta property=\"og:locale\" content=\"vi_VN\" \/>\n<meta property=\"og:type\" content=\"article\" \/>\n<meta property=\"og:title\" content=\"CH\u00cdNH S\u00c1CH \u0110\u1ed4I TR\u1ea2 - Shop Key b\u1ea3n quy\u1ec1n gi\u00e1 s\u1ec9\" \/>\n<meta property=\"og:description\" content=\"CH\u00cdNH S\u00c1CH \u0110\u1ed4I TR\u1ea2 L\u1ea0I H\u00c0NG 1) TH\u1edcI GIAN \u00c1P D\u1ee4NG &#8211; V\u1edbi \u0111\u01a1n h\u00e0ng mua Online: \u0111\u1ed5i m\u1edbi sau 1 ng\u00e0y n\u1ebfu s\u1ea3n ph\u1ea9m l\u1ed7i. S\u1ea3n ph\u1ea9m \u0111\u1ed5i m\u1edbi s\u1ebd \u0111\u01b0\u1ee3c g\u1eedi l\u1ea1i qua email \u0111\u1eb7t h\u00e0ng c\u1ee7a qu\u00fd kh\u00e1ch h\u00e0ng. &#8211; V\u1edbi \u0111\u01a1n h\u00e0ng giao h\u00e0ng t\u1ea1i nh\u00e0 (COD):\u00a0 07 ng\u00e0y k\u1ec3 t\u1eeb...\" \/>\n<meta property=\"og:url\" content=\"https:\/\/shopbanquyen.net\/lic\/chinh-sach-doi-tra\/\" \/>\n<meta property=\"og:site_name\" content=\"Shop Key b\u1ea3n quy\u1ec1n gi\u00e1 s\u1ec9\" \/>\n<meta property=\"article:modified_time\" content=\"2025-01-27T15:34:32+00:00\" \/>\n<meta name=\"twitter:card\" content=\"summary_large_image\" \/>\n<meta name=\"twitter:label1\" content=\"\u01af\u1edbc t\u00ednh th\u1eddi gian \u0111\u1ecdc\" \/>\n\t<meta name=\"twitter:data1\" content=\"3 ph\u00fat\" \/>\n<script type=\"application\/ld+json\" class=\"yoast-schema-graph\">{\"@context\":\"https:\/\/schema.org\",\"@graph\":[{\"@type\":\"WebPage\",\"@id\":\"https:\/\/shopbanquyen.net\/lic\/chinh-sach-doi-tra\/\",\"url\":\"https:\/\/shopbanquyen.net\/lic\/chinh-sach-doi-tra\/\",\"name\":\"CH\u00cdNH S\u00c1CH \u0110\u1ed4I TR\u1ea2 - Shop Key b\u1ea3n quy\u1ec1n gi\u00e1 s\u1ec9\",\"isPartOf\":{\"@id\":\"https:\/\/shopbanquyen.net\/lic\/#website\"},\"datePublished\":\"2023-03-29T07:52:04+00:00\",\"dateModified\":\"2025-01-27T15:34:32+00:00\",\"breadcrumb\":{\"@id\":\"https:\/\/shopbanquyen.net\/lic\/chinh-sach-doi-tra\/#breadcrumb\"},\"inLanguage\":\"vi\",\"potentialAction\":[{\"@type\":\"ReadAction\",\"target\":[\"https:\/\/shopbanquyen.net\/lic\/chinh-sach-doi-tra\/\"]}]},{\"@type\":\"BreadcrumbList\",\"@id\":\"https:\/\/shopbanquyen.net\/lic\/chinh-sach-doi-tra\/#breadcrumb\",\"itemListElement\":[{\"@type\":\"ListItem\",\"position\":1,\"name\":\"Trang ch\u1ee7\",\"item\":\"https:\/\/shopbanquyen.net\/lic\/\"},{\"@type\":\"ListItem\",\"position\":2,\"name\":\"CH\u00cdNH S\u00c1CH \u0110\u1ed4I TR\u1ea2\"}]},{\"@type\":\"WebSite\",\"@id\":\"https:\/\/shopbanquyen.net\/lic\/#website\",\"url\":\"https:\/\/shopbanquyen.net\/lic\/\",\"name\":\"Shop Key b\u1ea3n quy\u1ec1n gi\u00e1 s\u1ec9\",\"description\":\"\u2705 Cung c\u1ea5p KEY Windows 11, 10, 8.1, 7, key Office 2021, 2019, 2016, 2013, 2010 \u2705 Key windows Server 2012, 2016, 2019, 2022 \u2705 key ph\u1ea7n m\u1ec1m di\u1ec7t virus Kaspersky gi\u00e1 s\u1ec9 r\u1ebb nh\u1ea5t to\u00e0n qu\u1ed1c. \u1ed4n \u0111\u1ecbnh gi\u00e1 ch\u1ec9 t\u1eeb 90k. Mua key b\u1ea3n quy\u1ec1n \u1edf \u0111\u00e2u uy t\u00edn gi\u00e1 r\u1ebb t\u1ea1i shopbanquyen.net\",\"publisher\":{\"@id\":\"https:\/\/shopbanquyen.net\/lic\/#\/schema\/person\/5bc8ac16331f90b449d610535f16bbe3\"},\"potentialAction\":[{\"@type\":\"SearchAction\",\"target\":{\"@type\":\"EntryPoint\",\"urlTemplate\":\"https:\/\/shopbanquyen.net\/lic\/?s={search_term_string}\"},\"query-input\":{\"@type\":\"PropertyValueSpecification\",\"valueRequired\":true,\"valueName\":\"search_term_string\"}}],\"inLanguage\":\"vi\"},{\"@type\":[\"Person\",\"Organization\"],\"@id\":\"https:\/\/shopbanquyen.net\/lic\/#\/schema\/person\/5bc8ac16331f90b449d610535f16bbe3\",\"name\":\"admin\",\"image\":{\"@type\":\"ImageObject\",\"inLanguage\":\"vi\",\"@id\":\"https:\/\/shopbanquyen.net\/lic\/#\/schema\/person\/image\/\",\"url\":\"https:\/\/shopbanquyen.net\/lic\/wp-content\/uploads\/2023\/03\/yellow-key-5a5d2aced92b090036cbe805-1.png\",\"contentUrl\":\"https:\/\/shopbanquyen.net\/lic\/wp-content\/uploads\/2023\/03\/yellow-key-5a5d2aced92b090036cbe805-1.png\",\"width\":768,\"height\":512,\"caption\":\"admin\"},\"logo\":{\"@id\":\"https:\/\/shopbanquyen.net\/lic\/#\/schema\/person\/image\/\"}}]}<\/script>\n<!-- \/ Yoast SEO plugin. -->","yoast_head_json":{"title":"CH\u00cdNH S\u00c1CH \u0110\u1ed4I TR\u1ea2 - Shop Key b\u1ea3n quy\u1ec1n gi\u00e1 s\u1ec9","robots":{"index":"index","follow":"follow","max-snippet":"max-snippet:-1","max-image-preview":"max-image-preview:large","max-video-preview":"max-video-preview:-1"},"canonical":"https:\/\/shopbanquyen.net\/lic\/chinh-sach-doi-tra\/","og_locale":"vi_VN","og_type":"article","og_title":"CH\u00cdNH S\u00c1CH \u0110\u1ed4I TR\u1ea2 - Shop Key b\u1ea3n quy\u1ec1n gi\u00e1 s\u1ec9","og_description":"CH\u00cdNH S\u00c1CH \u0110\u1ed4I TR\u1ea2 L\u1ea0I H\u00c0NG 1) TH\u1edcI GIAN \u00c1P D\u1ee4NG &#8211; V\u1edbi \u0111\u01a1n h\u00e0ng mua Online: \u0111\u1ed5i m\u1edbi sau 1 ng\u00e0y n\u1ebfu s\u1ea3n ph\u1ea9m l\u1ed7i. S\u1ea3n ph\u1ea9m \u0111\u1ed5i m\u1edbi s\u1ebd \u0111\u01b0\u1ee3c g\u1eedi l\u1ea1i qua email \u0111\u1eb7t h\u00e0ng c\u1ee7a qu\u00fd kh\u00e1ch h\u00e0ng. &#8211; V\u1edbi \u0111\u01a1n h\u00e0ng giao h\u00e0ng t\u1ea1i nh\u00e0 (COD):\u00a0 07 ng\u00e0y k\u1ec3 t\u1eeb...","og_url":"https:\/\/shopbanquyen.net\/lic\/chinh-sach-doi-tra\/","og_site_name":"Shop Key b\u1ea3n quy\u1ec1n gi\u00e1 s\u1ec9","article_modified_time":"2025-01-27T15:34:32+00:00","twitter_card":"summary_large_image","twitter_misc":{"\u01af\u1edbc t\u00ednh th\u1eddi gian \u0111\u1ecdc":"3 ph\u00fat"},"schema":{"@context":"https:\/\/schema.org","@graph":[{"@type":"WebPage","@id":"https:\/\/shopbanquyen.net\/lic\/chinh-sach-doi-tra\/","url":"https:\/\/shopbanquyen.net\/lic\/chinh-sach-doi-tra\/","name":"CH\u00cdNH S\u00c1CH \u0110\u1ed4I TR\u1ea2 - Shop Key b\u1ea3n quy\u1ec1n gi\u00e1 s\u1ec9","isPartOf":{"@id":"https:\/\/shopbanquyen.net\/lic\/#website"},"datePublished":"2023-03-29T07:52:04+00:00","dateModified":"2025-01-27T15:34:32+00:00","breadcrumb":{"@id":"https:\/\/shopbanquyen.net\/lic\/chinh-sach-doi-tra\/#breadcrumb"},"inLanguage":"vi","potentialAction":[{"@type":"ReadAction","target":["https:\/\/shopbanquyen.net\/lic\/chinh-sach-doi-tra\/"]}]},{"@type":"BreadcrumbList","@id":"https:\/\/shopbanquyen.net\/lic\/chinh-sach-doi-tra\/#breadcrumb","itemListElement":[{"@type":"ListItem","position":1,"name":"Trang ch\u1ee7","item":"https:\/\/shopbanquyen.net\/lic\/"},{"@type":"ListItem","position":2,"name":"CH\u00cdNH S\u00c1CH \u0110\u1ed4I TR\u1ea2"}]},{"@type":"WebSite","@id":"https:\/\/shopbanquyen.net\/lic\/#website","url":"https:\/\/shopbanquyen.net\/lic\/","name":"Shop Key b\u1ea3n quy\u1ec1n gi\u00e1 s\u1ec9","description":"\u2705 Cung c\u1ea5p KEY Windows 11, 10, 8.1, 7, key Office 2021, 2019, 2016, 2013, 2010 \u2705 Key windows Server 2012, 2016, 2019, 2022 \u2705 key ph\u1ea7n m\u1ec1m di\u1ec7t virus Kaspersky gi\u00e1 s\u1ec9 r\u1ebb nh\u1ea5t to\u00e0n qu\u1ed1c. \u1ed4n \u0111\u1ecbnh gi\u00e1 ch\u1ec9 t\u1eeb 90k. Mua key b\u1ea3n quy\u1ec1n \u1edf \u0111\u00e2u uy t\u00edn gi\u00e1 r\u1ebb t\u1ea1i shopbanquyen.net","publisher":{"@id":"https:\/\/shopbanquyen.net\/lic\/#\/schema\/person\/5bc8ac16331f90b449d610535f16bbe3"},"potentialAction":[{"@type":"SearchAction","target":{"@type":"EntryPoint","urlTemplate":"https:\/\/shopbanquyen.net\/lic\/?s={search_term_string}"},"query-input":{"@type":"PropertyValueSpecification","valueRequired":true,"valueName":"search_term_string"}}],"inLanguage":"vi"},{"@type":["Person","Organization"],"@id":"https:\/\/shopbanquyen.net\/lic\/#\/schema\/person\/5bc8ac16331f90b449d610535f16bbe3","name":"admin","image":{"@type":"ImageObject","inLanguage":"vi","@id":"https:\/\/shopbanquyen.net\/lic\/#\/schema\/person\/image\/","url":"https:\/\/shopbanquyen.net\/lic\/wp-content\/uploads\/2023\/03\/yellow-key-5a5d2aced92b090036cbe805-1.png","contentUrl":"https:\/\/shopbanquyen.net\/lic\/wp-content\/uploads\/2023\/03\/yellow-key-5a5d2aced92b090036cbe805-1.png","width":768,"height":512,"caption":"admin"},"logo":{"@id":"https:\/\/shopbanquyen.net\/lic\/#\/schema\/person\/image\/"}}]}},"_links":{"self":[{"href":"https:\/\/shopbanquyen.net\/lic\/wp-json\/wp\/v2\/pages\/10"}],"collection":[{"href":"https:\/\/shopbanquyen.net\/lic\/wp-json\/wp\/v2\/pages"}],"about":[{"href":"https:\/\/shopbanquyen.net\/lic\/wp-json\/wp\/v2\/types\/page"}],"author":[{"embeddable":true,"href":"https:\/\/shopbanquyen.net\/lic\/wp-json\/wp\/v2\/users\/1"}],"replies":[{"embeddable":true,"href":"https:\/\/shopbanquyen.net\/lic\/wp-json\/wp\/v2\/comments?post=10"}],"version-history":[{"count":8,"href":"https:\/\/shopbanquyen.net\/lic\/wp-json\/wp\/v2\/pages\/10\/revisions"}],"predecessor-version":[{"id":1590,"href":"https:\/\/shopbanquyen.net\/lic\/wp-json\/wp\/v2\/pages\/10\/revisions\/1590"}],"wp:attachment":[{"href":"https:\/\/shopbanquyen.net\/lic\/wp-json\/wp\/v2\/media?parent=10"}],"curies":[{"name":"wp","href":"https:\/\/api.w.org\/{rel}","templated":true}]}}